[INFO] cloning repository https://github.com/PVArch/IB
[INFO] running `Command { std: "git" "-c" "credential.helper=" "-c" "credential.helper=/workspace/cargo-home/bin/git-credential-null" "clone" "--bare" "https://github.com/PVArch/IB" "/workspace/cache/git-repos/https%3A%2F%2Fgithub.com%2FPVArch%2FIB", kill_on_drop: false }`
[INFO] [stderr] Cloning into bare repository '/workspace/cache/git-repos/https%3A%2F%2Fgithub.com%2FPVArch%2FIB'...
[INFO] running `Command { std: "git" "rev-parse" "HEAD", kill_on_drop: false }`
[INFO] [stdout] a18433766714bcdab916eaa9d3c9788798e70a7b
[INFO] building PVArch/IB against master#ff34b919075f35a1787659e9c448a34b06bab8de for issue-85264
[INFO] running `Command { std: "git" "clone" "/workspace/cache/git-repos/https%3A%2F%2Fgithub.com%2FPVArch%2FIB" "/workspace/builds/worker-13/source", kill_on_drop: false }`
[INFO] [stderr] Cloning into '/workspace/builds/worker-13/source'...
[INFO] [stderr] done.
[INFO] validating manifest of git repo https://github.com/PVArch/IB on toolchain ff34b919075f35a1787659e9c448a34b06bab8de
[INFO] running `Command { std: "/workspace/cargo-home/bin/cargo" "+ff34b919075f35a1787659e9c448a34b06bab8de" "metadata" "--manifest-path" "Cargo.toml" "--no-deps", kill_on_drop: false }`
[INFO] started tweaking git repo https://github.com/PVArch/IB
[INFO] finished tweaking git repo https://github.com/PVArch/IB
[INFO] tweaked toml for git repo https://github.com/PVArch/IB written to /workspace/builds/worker-13/source/Cargo.toml
[INFO] crate git repo https://github.com/PVArch/IB already has a lockfile, it will not be regenerated
[INFO] running `Command { std: "/workspace/cargo-home/bin/cargo" "+ff34b919075f35a1787659e9c448a34b06bab8de" "fetch" "--manifest-path" "Cargo.toml", kill_on_drop: false }`
[INFO] [stderr]     Blocking waiting for file lock on package cache
[INFO] running `Command { std: "docker" "create" "-v" "/var/lib/crater-agent-workspace/builds/worker-13/target:/opt/rustwide/target:rw,Z" "-v" "/var/lib/crater-agent-workspace/builds/worker-13/source:/opt/rustwide/workdir:ro,Z" "-v" "/var/lib/crater-agent-workspace/cargo-home:/opt/rustwide/cargo-home:ro,Z" "-v" "/var/lib/crater-agent-workspace/rustup-home:/opt/rustwide/rustup-home:ro,Z" "-e" "SOURCE_DIR=/opt/rustwide/workdir" "-e" "CARGO_TARGET_DIR=/opt/rustwide/target" "-e" "CARGO_HOME=/opt/rustwide/cargo-home" "-e" "RUSTUP_HOME=/opt/rustwide/rustup-home" "-w" "/opt/rustwide/workdir" "-m" "1610612736" "--user" "0:0" "--network" "none" "ghcr.io/rust-lang/crates-build-env/linux@sha256:20528e8c29e4536546f0102ce88568b16ea7538393a33fcca951030f7af10457" "/opt/rustwide/cargo-home/bin/cargo" "+ff34b919075f35a1787659e9c448a34b06bab8de" "metadata" "--no-deps" "--format-version=1", kill_on_drop: false }`
[INFO] [stderr] WARNING: Your kernel does not support swap limit capabilities or the cgroup is not mounted. Memory limited without swap.
[INFO] [stdout] 896eef9473a9abf0fed1b5bec78cd776aad789c924bdb9429a1d68e5ff7ee53f
[INFO] running `Command { std: "docker" "start" "-a" "896eef9473a9abf0fed1b5bec78cd776aad789c924bdb9429a1d68e5ff7ee53f", kill_on_drop: false }`
[INFO] running `Command { std: "docker" "inspect" "896eef9473a9abf0fed1b5bec78cd776aad789c924bdb9429a1d68e5ff7ee53f", kill_on_drop: false }`
[INFO] running `Command { std: "docker" "rm" "-f" "896eef9473a9abf0fed1b5bec78cd776aad789c924bdb9429a1d68e5ff7ee53f", kill_on_drop: false }`
[INFO] [stdout] 896eef9473a9abf0fed1b5bec78cd776aad789c924bdb9429a1d68e5ff7ee53f
[INFO] running `Command { std: "docker" "create" "-v" "/var/lib/crater-agent-workspace/builds/worker-13/target:/opt/rustwide/target:rw,Z" "-v" "/var/lib/crater-agent-workspace/builds/worker-13/source:/opt/rustwide/workdir:ro,Z" "-v" "/var/lib/crater-agent-workspace/cargo-home:/opt/rustwide/cargo-home:ro,Z" "-v" "/var/lib/crater-agent-workspace/rustup-home:/opt/rustwide/rustup-home:ro,Z" "-e" "SOURCE_DIR=/opt/rustwide/workdir" "-e" "CARGO_TARGET_DIR=/opt/rustwide/target" "-e" "CARGO_INCREMENTAL=0" "-e" "RUST_BACKTRACE=full" "-e" "RUSTFLAGS=--cap-lints=forbid" "-e" "CARGO_HOME=/opt/rustwide/cargo-home" "-e" "RUSTUP_HOME=/opt/rustwide/rustup-home" "-w" "/opt/rustwide/workdir" "-m" "1610612736" "--user" "0:0" "--network" "none" "ghcr.io/rust-lang/crates-build-env/linux@sha256:20528e8c29e4536546f0102ce88568b16ea7538393a33fcca951030f7af10457" "/opt/rustwide/cargo-home/bin/cargo" "+ff34b919075f35a1787659e9c448a34b06bab8de" "build" "--frozen" "--message-format=json", kill_on_drop: false }`
[INFO] [stdout] ff06570b75b7356ec5a6bdecf11f49934e92b707b410544f8a210a83e40bd291
[INFO] [stderr] WARNING: Your kernel does not support swap limit capabilities or the cgroup is not mounted. Memory limited without swap.
[INFO] running `Command { std: "docker" "start" "-a" "ff06570b75b7356ec5a6bdecf11f49934e92b707b410544f8a210a83e40bd291", kill_on_drop: false }`
[INFO] [stderr]    Compiling libc v0.2.79
[INFO] [stderr]    Compiling autocfg v1.0.1
[INFO] [stderr]    Compiling proc-macro2 v1.0.24
[INFO] [stderr]    Compiling unicode-xid v0.2.1
[INFO] [stderr]    Compiling syn v1.0.43
[INFO] [stderr]    Compiling lazy_static v1.4.0
[INFO] [stderr]    Compiling memchr v2.3.3
[INFO] [stderr]    Compiling cc v1.0.61
[INFO] [stderr]    Compiling log v0.4.11
[INFO] [stderr]    Compiling pkg-config v0.3.18
[INFO] [stderr]    Compiling fnv v1.0.7
[INFO] [stderr]    Compiling proc-macro-hack v0.5.18
[INFO] [stderr]    Compiling serde_derive v1.0.116
[INFO] [stderr]    Compiling serde v1.0.116
[INFO] [stderr]    Compiling byteorder v1.3.4
[INFO] [stderr]    Compiling slab v0.4.2
[INFO] [stderr]    Compiling futures-core v0.3.6
[INFO] [stderr]    Compiling pin-project-internal v0.4.26
[INFO] [stderr]    Compiling itoa v0.4.6
[INFO] [stderr]    Compiling proc-macro-nested v0.1.6
[INFO] [stderr]    Compiling futures-sink v0.3.6
[INFO] [stderr]    Compiling getrandom v0.2.0
[INFO] [stderr]    Compiling bytes v0.5.6
[INFO] [stderr]    Compiling once_cell v1.4.1
[INFO] [stderr]    Compiling pin-utils v0.1.0
[INFO] [stderr]    Compiling futures-io v0.3.6
[INFO] [stderr]    Compiling pin-project-lite v0.1.10
[INFO] [stderr]    Compiling scopeguard v1.1.0
[INFO] [stderr]    Compiling version_check v0.9.2
[INFO] [stderr]    Compiling maybe-uninit v2.0.0
[INFO] [stderr]    Compiling ryu v1.0.5
[INFO] [stderr]    Compiling foreign-types-shared v0.1.1
[INFO] [stderr]    Compiling encoding_rs v0.8.24
[INFO] [stderr]    Compiling openssl v0.10.30
[INFO] [stderr]    Compiling regex-syntax v0.6.18
[INFO] [stderr]    Compiling getrandom v0.1.15
[INFO] [stderr]    Compiling native-tls v0.2.4
[INFO] [stderr]    Compiling httparse v1.3.4
[INFO] [stderr]    Compiling matches v0.1.8
[INFO] [stderr]    Compiling semver-parser v0.7.0
[INFO] [stderr]    Compiling tinyvec v0.3.4
[INFO] [stderr]    Compiling crc32fast v1.2.0
[INFO] [stderr]    Compiling hashbrown v0.9.1
[INFO] [stderr]    Compiling smallvec v1.4.2
[INFO] [stderr]    Compiling openssl-probe v0.1.2
[INFO] [stderr]    Compiling rayon-core v1.8.1
[INFO] [stderr]    Compiling try-lock v0.2.3
[INFO] [stderr]    Compiling tower-service v0.3.0
[INFO] [stderr]    Compiling percent-encoding v2.1.0
[INFO] [stderr]    Compiling dtoa v0.4.6
[INFO] [stderr]    Compiling httpdate v0.3.2
[INFO] [stderr]    Compiling unicode-width v0.1.8
[INFO] [stderr]    Compiling unicode-segmentation v1.6.0
[INFO] [stderr]    Compiling linked-hash-map v0.5.3
[INFO] [stderr]    Compiling mime v0.3.16
[INFO] [stderr]    Compiling prometheus v0.10.0
[INFO] [stderr]    Compiling vec_map v0.8.2
[INFO] [stderr]    Compiling nonzero_ext v0.2.0
[INFO] [stderr]    Compiling unindent v0.1.6
[INFO] [stderr]    Compiling base64 v0.12.3
[INFO] [stderr]    Compiling either v1.6.1
[INFO] [stderr]    Compiling ipnet v2.3.0
[INFO] [stderr]    Compiling encode_unicode v0.3.6
[INFO] [stderr]    Compiling ansi_term v0.12.1
[INFO] [stderr]    Compiling maplit v1.0.2
[INFO] [stderr]    Compiling separator v0.4.1
[INFO] [stderr]    Compiling instant v0.1.7
[INFO] [stderr]    Compiling foreign-types v0.3.2
[INFO] [stderr]    Compiling lock_api v0.4.1
[INFO] [stderr]    Compiling futures-channel v0.3.6
[INFO] [stderr]    Compiling thread_local v1.0.1
[INFO] [stderr]    Compiling tracing-core v0.1.17
[INFO] [stderr]    Compiling futures-task v0.3.6
[INFO] [stderr]    Compiling unicode-bidi v0.3.4
[INFO] [stderr]    Compiling semver v0.9.0
[INFO] [stderr]    Compiling textwrap v0.11.0
[INFO] [stderr]    Compiling unicode-normalization v0.1.13
[INFO] [stderr]    Compiling http v0.2.1
[INFO] [stderr]    Compiling yaml-rust v0.4.4
[INFO] [stderr]    Compiling unicase v2.6.0
[INFO] [stderr]    Compiling indoc v1.0.2
[INFO] [stderr]    Compiling num-traits v0.2.12
[INFO] [stderr]    Compiling num-integer v0.1.43
[INFO] [stderr]    Compiling crossbeam-utils v0.7.2
[INFO] [stderr]    Compiling indexmap v1.6.0
[INFO] [stderr]    Compiling memoffset v0.5.6
[INFO] [stderr]    Compiling crossbeam-epoch v0.8.2
[INFO] [stderr]    Compiling hashbrown v0.8.2
[INFO] [stderr]    Compiling rayon v1.4.1
[INFO] [stderr]    Compiling heck v0.3.1
[INFO] [stderr]    Compiling rustc_version v0.2.3
[INFO] [stderr]    Compiling want v0.3.0
[INFO] [stderr]    Compiling tracing v0.1.21
[INFO] [stderr]    Compiling regex-automata v0.1.9
[INFO] [stderr]    Compiling quote v1.0.7
[INFO] [stderr]    Compiling aho-corasick v0.7.13
[INFO] [stderr]    Compiling csv-core v0.1.10
[INFO] [stderr]    Compiling cast v0.2.3
[INFO] [stderr]    Compiling mime_guess v2.0.3
[INFO] [stderr]    Compiling openssl-sys v0.9.58
[INFO] [stderr]    Compiling libsqlite3-sys v0.18.0
[INFO] [stderr]    Compiling crossbeam-channel v0.4.4
[INFO] [stderr]    Compiling idna v0.2.0
[INFO] [stderr]    Compiling crossbeam-deque v0.7.3
[INFO] [stderr]    Compiling url v2.1.1
[INFO] [stderr]    Compiling regex v1.3.9
[INFO] [stderr]    Compiling codepage v0.1.1
[INFO] [stderr]    Compiling http-body v0.3.1
[INFO] [stderr]    Compiling num_cpus v1.13.0
[INFO] [stderr]    Compiling iovec v0.1.4
[INFO] [stderr]    Compiling net2 v0.2.35
[INFO] [stderr]    Compiling time v0.1.44
[INFO] [stderr]    Compiling socket2 v0.3.15
[INFO] [stderr]    Compiling parking_lot_core v0.8.0
[INFO] [stderr]    Compiling atty v0.2.14
[INFO] [stderr]    Compiling dirs-sys v0.3.5
[INFO] [stderr]    Compiling dirs v1.0.5
[INFO] [stderr]    Compiling flate2 v1.0.14
[INFO] [stderr]    Compiling quanta v0.4.1
[INFO] [stderr]    Compiling clap v2.33.3
[INFO] [stderr]    Compiling term v0.5.2
[INFO] [stderr]    Compiling rand_core v0.5.1
[INFO] [stderr]    Compiling chrono v0.4.19
[INFO] [stderr]    Compiling parking_lot v0.11.0
[INFO] [stderr]    Compiling dirs v2.0.2
[INFO] [stderr]    Compiling const-random-macro v0.1.11
[INFO] [stderr]    Compiling rand_chacha v0.2.2
[INFO] [stderr]    Compiling mio v0.6.22
[INFO] [stderr]    Compiling shellexpand v2.0.0
[INFO] [stderr]    Compiling rand v0.7.3
[INFO] [stderr]    Compiling const-random v0.1.11
[INFO] [stderr]    Compiling ahash v0.3.8
[INFO] [stderr]    Compiling fern v0.5.9
[INFO] [stderr]    Compiling tokio v0.2.22
[INFO] [stderr]    Compiling parse-zoneinfo v0.3.0
[INFO] [stderr]    Compiling dashmap v3.11.10
[INFO] [stderr]    Compiling easy-logging v0.1.1
[INFO] [stderr]    Compiling no-std-compat v0.4.1
[INFO] [stderr]    Compiling chrono-tz v0.5.3
[INFO] [stderr]    Compiling darling_core v0.10.2
[INFO] [stderr]    Compiling tokio-util v0.3.1
[INFO] [stderr]    Compiling tokio-tls v0.3.1
[INFO] [stderr]    Compiling futures-macro v0.3.6
[INFO] [stderr]    Compiling thiserror-impl v1.0.21
[INFO] [stderr]    Compiling diesel_derives v1.4.1
[INFO] [stderr]    Compiling darling_macro v0.10.2
[INFO] [stderr]    Compiling diesel-derive-enum v1.1.0
[INFO] [stderr]    Compiling darling v0.10.2
[INFO] [stderr]    Compiling static_table_derive v0.1.10 (/opt/rustwide/workdir/src/formatting/static_table_derive)
[INFO] [stderr]    Compiling xls_table_derive v0.3.3 (/opt/rustwide/workdir/src/xls/xls_table_derive)
[INFO] [stderr]    Compiling thiserror v1.0.21
[INFO] [stderr]    Compiling zip v0.5.8
[INFO] [stderr]    Compiling pin-project v0.4.26
[INFO] [stderr]    Compiling futures-util v0.3.6
[INFO] [stderr]    Compiling diesel v1.4.5
[INFO] [stderr]    Compiling h2 v0.2.6
[INFO] [stderr]    Compiling futures-executor v0.3.6
[INFO] [stderr]    Compiling futures v0.3.6
[INFO] [stderr]    Compiling governor v0.3.1
[INFO] [stderr]    Compiling bstr v0.2.13
[INFO] [stderr]    Compiling rust_decimal v1.8.1
[INFO] [stderr]    Compiling quick-xml v0.19.0
[INFO] [stderr]    Compiling serde_json v1.0.58
[INFO] [stderr]    Compiling serde_urlencoded v0.6.1
[INFO] [stderr]    Compiling serde-xml-rs v0.4.0
[INFO] [stderr]    Compiling serde_yaml v0.8.13
[INFO] [stderr]    Compiling csv v1.1.3
[INFO] [stderr]    Compiling rust_decimal_macros v1.8.1
[INFO] [stderr]    Compiling calamine v0.16.2
[INFO] [stderr]    Compiling prettytable-rs v0.8.0
[INFO] [stderr]    Compiling hyper v0.13.8
[INFO] [stderr]    Compiling migrations_internals v1.4.1
[INFO] [stderr]    Compiling migrations_macros v1.4.2
[INFO] [stderr]    Compiling hyper-tls v0.4.3
[INFO] [stderr]    Compiling reqwest v0.10.8
[INFO] [stderr]    Compiling diesel_migrations v1.4.0
[INFO] [stderr]    Compiling investments v2.0.0 (/opt/rustwide/workdir)
[INFO] [stderr]     Finished dev [unoptimized + debuginfo] target(s) in 2m 31s
[INFO] running `Command { std: "docker" "inspect" "ff06570b75b7356ec5a6bdecf11f49934e92b707b410544f8a210a83e40bd291", kill_on_drop: false }`
[INFO] running `Command { std: "docker" "rm" "-f" "ff06570b75b7356ec5a6bdecf11f49934e92b707b410544f8a210a83e40bd291", kill_on_drop: false }`
[INFO] [stdout] ff06570b75b7356ec5a6bdecf11f49934e92b707b410544f8a210a83e40bd291
[INFO] running `Command { std: "docker" "create" "-v" "/var/lib/crater-agent-workspace/builds/worker-13/target:/opt/rustwide/target:rw,Z" "-v" "/var/lib/crater-agent-workspace/builds/worker-13/source:/opt/rustwide/workdir:ro,Z" "-v" "/var/lib/crater-agent-workspace/cargo-home:/opt/rustwide/cargo-home:ro,Z" "-v" "/var/lib/crater-agent-workspace/rustup-home:/opt/rustwide/rustup-home:ro,Z" "-e" "SOURCE_DIR=/opt/rustwide/workdir" "-e" "CARGO_TARGET_DIR=/opt/rustwide/target" "-e" "CARGO_INCREMENTAL=0" "-e" "RUST_BACKTRACE=full" "-e" "RUSTFLAGS=--cap-lints=forbid" "-e" "CARGO_HOME=/opt/rustwide/cargo-home" "-e" "RUSTUP_HOME=/opt/rustwide/rustup-home" "-w" "/opt/rustwide/workdir" "-m" "1610612736" "--user" "0:0" "--network" "none" "ghcr.io/rust-lang/crates-build-env/linux@sha256:20528e8c29e4536546f0102ce88568b16ea7538393a33fcca951030f7af10457" "/opt/rustwide/cargo-home/bin/cargo" "+ff34b919075f35a1787659e9c448a34b06bab8de" "test" "--frozen" "--no-run" "--message-format=json", kill_on_drop: false }`
[INFO] [stderr] WARNING: Your kernel does not support swap limit capabilities or the cgroup is not mounted. Memory limited without swap.
[INFO] [stdout] 8c608d73052444c11764fdb40ba7453d8df178e15fd40b42528d9e435a98251b
[INFO] running `Command { std: "docker" "start" "-a" "8c608d73052444c11764fdb40ba7453d8df178e15fd40b42528d9e435a98251b", kill_on_drop: false }`
[INFO] [stderr]    Compiling syn v0.15.44
[INFO] [stderr]    Compiling num-derive v0.2.5
[INFO] [stderr]    Compiling nix v0.17.0
[INFO] [stderr]    Compiling void v1.0.2
[INFO] [stderr]    Compiling color_quant v1.1.0
[INFO] [stderr]    Compiling open v1.4.0
[INFO] [stderr]    Compiling difference v2.0.0
[INFO] [stderr]    Compiling json v0.11.15
[INFO] [stderr]    Compiling remove_dir_all v0.5.3
[INFO] [stderr]    Compiling termcolor v1.1.0
[INFO] [stderr]    Compiling num-iter v0.1.41
[INFO] [stderr]    Compiling num-bigint v0.2.6
[INFO] [stderr]    Compiling num-rational v0.2.4
[INFO] [stderr]    Compiling num-complex v0.2.4
[INFO] [stderr]    Compiling proc-macro-error-attr v1.0.4
[INFO] [stderr]    Compiling proc-macro-error v1.0.4
[INFO] [stderr]    Compiling deflate v0.7.20
[INFO] [stderr]    Compiling rstest v0.6.4
[INFO] [stderr]    Compiling quote v0.6.13
[INFO] [stderr]    Compiling approx v0.3.2
[INFO] [stderr]    Compiling colored v1.9.3
[INFO] [stderr]    Compiling jpeg-decoder v0.1.20
[INFO] [stderr]    Compiling tempfile v3.1.0
[INFO] [stderr]    Compiling gif v0.10.3
[INFO] [stderr]    Compiling png v0.14.1
[INFO] [stderr]    Compiling extend v0.1.2
[INFO] [stderr]    Compiling num v0.2.1
[INFO] [stderr]    Compiling assert-json-diff v1.1.0
[INFO] [stderr]    Compiling mockito v0.27.0
[INFO] [stderr]    Compiling ctrlc v3.1.6
[INFO] [stderr]    Compiling tiff v0.2.2
[INFO] [stderr]    Compiling image v0.21.3
[INFO] [stderr]    Compiling qtrac-retest v4.0.6
[INFO] [stderr]    Compiling investments v2.0.0 (/opt/rustwide/workdir)
[INFO] [stdout] error[E0659]: `assert_matches` is ambiguous (glob import vs any other name from outer scope during import/macro resolution)
[INFO] [stdout]   --> src/broker_statement/open/parsers.rs:97:9
[INFO] [stdout]    |
[INFO] [stdout] 97 |         assert_matches!(
[INFO] [stdout]    |         ^^^^^^^^^^^^^^ ambiguous name
[INFO] [stdout]    |
[INFO] [stdout]    = note: `assert_matches` could refer to a macro from prelude
[INFO] [stdout] note: `assert_matches` could also refer to the macro imported here
[INFO] [stdout]   --> src/broker_statement/open/parsers.rs:81:9
[INFO] [stdout]    |
[INFO] [stdout] 81 |     use super::*;
[INFO] [stdout]    |         ^^^^^^^^
[INFO] [stdout]    = help: consider adding an explicit import of `assert_matches` to disambiguate
[INFO] [stdout]    = help: or use `self::assert_matches` to refer to this macro unambiguously
[INFO] [stdout] 
[INFO] [stdout] 
[INFO] [stdout] error[E0659]: `assert_matches` is ambiguous (glob import vs any other name from outer scope during import/macro resolution)
[INFO] [stdout]    --> src/broker_statement/open/parsers.rs:102:9
[INFO] [stdout]     |
[INFO] [stdout] 102 |         assert_matches!(
[INFO] [stdout]     |         ^^^^^^^^^^^^^^ ambiguous name
[INFO] [stdout]     |
[INFO] [stdout]     = note: `assert_matches` could refer to a macro from prelude
[INFO] [stdout] note: `assert_matches` could also refer to the macro imported here
[INFO] [stdout]    --> src/broker_statement/open/parsers.rs:81:9
[INFO] [stdout]     |
[INFO] [stdout] 81  |     use super::*;
[INFO] [stdout]     |         ^^^^^^^^
[INFO] [stdout]     = help: consider adding an explicit import of `assert_matches` to disambiguate
[INFO] [stdout]     = help: or use `self::assert_matches` to refer to this macro unambiguously
[INFO] [stdout] 
[INFO] [stdout] 
[INFO] [stdout] error[E0659]: `assert_matches` is ambiguous (glob import vs any other name from outer scope during import/macro resolution)
[INFO] [stdout]    --> src/broker_statement/open/parsers.rs:107:9
[INFO] [stdout]     |
[INFO] [stdout] 107 |         assert_matches!(
[INFO] [stdout]     |         ^^^^^^^^^^^^^^ ambiguous name
[INFO] [stdout]     |
[INFO] [stdout]     = note: `assert_matches` could refer to a macro from prelude
[INFO] [stdout] note: `assert_matches` could also refer to the macro imported here
[INFO] [stdout]    --> src/broker_statement/open/parsers.rs:81:9
[INFO] [stdout]     |
[INFO] [stdout] 81  |     use super::*;
[INFO] [stdout]     |         ^^^^^^^^
[INFO] [stdout]     = help: consider adding an explicit import of `assert_matches` to disambiguate
[INFO] [stdout]     = help: or use `self::assert_matches` to refer to this macro unambiguously
[INFO] [stdout] 
[INFO] [stdout] 
[INFO] [stdout] error[E0659]: `assert_matches` is ambiguous (glob import vs any other name from outer scope during import/macro resolution)
[INFO] [stdout]    --> src/broker_statement/open/parsers.rs:112:9
[INFO] [stdout]     |
[INFO] [stdout] 112 |         assert_matches!(
[INFO] [stdout]     |         ^^^^^^^^^^^^^^ ambiguous name
[INFO] [stdout]     |
[INFO] [stdout]     = note: `assert_matches` could refer to a macro from prelude
[INFO] [stdout] note: `assert_matches` could also refer to the macro imported here
[INFO] [stdout]    --> src/broker_statement/open/parsers.rs:81:9
[INFO] [stdout]     |
[INFO] [stdout] 81  |     use super::*;
[INFO] [stdout]     |         ^^^^^^^^
[INFO] [stdout]     = help: consider adding an explicit import of `assert_matches` to disambiguate
[INFO] [stdout]     = help: or use `self::assert_matches` to refer to this macro unambiguously
[INFO] [stdout] 
[INFO] [stdout] 
[INFO] [stdout] error[E0659]: `assert_matches` is ambiguous (glob import vs any other name from outer scope during import/macro resolution)
[INFO] [stdout]    --> src/broker_statement/open/parsers.rs:117:9
[INFO] [stdout]     |
[INFO] [stdout] 117 |         assert_matches!(
[INFO] [stdout]     |         ^^^^^^^^^^^^^^ ambiguous name
[INFO] [stdout]     |
[INFO] [stdout]     = note: `assert_matches` could refer to a macro from prelude
[INFO] [stdout] note: `assert_matches` could also refer to the macro imported here
[INFO] [stdout]    --> src/broker_statement/open/parsers.rs:81:9
[INFO] [stdout]     |
[INFO] [stdout] 81  |     use super::*;
[INFO] [stdout]     |         ^^^^^^^^
[INFO] [stdout]     = help: consider adding an explicit import of `assert_matches` to disambiguate
[INFO] [stdout]     = help: or use `self::assert_matches` to refer to this macro unambiguously
[INFO] [stdout] 
[INFO] [stdout] 
[INFO] [stdout] error[E0659]: `assert_matches` is ambiguous (glob import vs any other name from outer scope during import/macro resolution)
[INFO] [stdout]    --> src/broker_statement/open/parsers.rs:122:9
[INFO] [stdout]     |
[INFO] [stdout] 122 |         assert_matches!(
[INFO] [stdout]     |         ^^^^^^^^^^^^^^ ambiguous name
[INFO] [stdout]     |
[INFO] [stdout]     = note: `assert_matches` could refer to a macro from prelude
[INFO] [stdout] note: `assert_matches` could also refer to the macro imported here
[INFO] [stdout]    --> src/broker_statement/open/parsers.rs:81:9
[INFO] [stdout]     |
[INFO] [stdout] 81  |     use super::*;
[INFO] [stdout]     |         ^^^^^^^^
[INFO] [stdout]     = help: consider adding an explicit import of `assert_matches` to disambiguate
[INFO] [stdout]     = help: or use `self::assert_matches` to refer to this macro unambiguously
[INFO] [stdout] 
[INFO] [stdout] 
[INFO] [stdout] error[E0659]: `assert_matches` is ambiguous (glob import vs any other name from outer scope during import/macro resolution)
[INFO] [stdout]    --> src/currency/rate_cache.rs:227:9
[INFO] [stdout]     |
[INFO] [stdout] 227 |         assert_matches!(
[INFO] [stdout]     |         ^^^^^^^^^^^^^^ ambiguous name
[INFO] [stdout]     |
[INFO] [stdout]     = note: `assert_matches` could refer to a macro from prelude
[INFO] [stdout] note: `assert_matches` could also refer to the macro imported here
[INFO] [stdout]    --> src/currency/rate_cache.rs:202:9
[INFO] [stdout]     |
[INFO] [stdout] 202 |     use super::*;
[INFO] [stdout]     |         ^^^^^^^^
[INFO] [stdout]     = help: consider adding an explicit import of `assert_matches` to disambiguate
[INFO] [stdout]     = help: or use `self::assert_matches` to refer to this macro unambiguously
[INFO] [stdout] 
[INFO] [stdout] 
[INFO] [stdout] error[E0659]: `assert_matches` is ambiguous (glob import vs any other name from outer scope during import/macro resolution)
[INFO] [stdout]    --> src/currency/rate_cache.rs:232:9
[INFO] [stdout]     |
[INFO] [stdout] 232 |         assert_matches!(
[INFO] [stdout]     |         ^^^^^^^^^^^^^^ ambiguous name
[INFO] [stdout]     |
[INFO] [stdout]     = note: `assert_matches` could refer to a macro from prelude
[INFO] [stdout] note: `assert_matches` could also refer to the macro imported here
[INFO] [stdout]    --> src/currency/rate_cache.rs:202:9
[INFO] [stdout]     |
[INFO] [stdout] 202 |     use super::*;
[INFO] [stdout]     |         ^^^^^^^^
[INFO] [stdout]     = help: consider adding an explicit import of `assert_matches` to disambiguate
[INFO] [stdout]     = help: or use `self::assert_matches` to refer to this macro unambiguously
[INFO] [stdout] 
[INFO] [stdout] 
[INFO] [stdout] error[E0659]: `assert_matches` is ambiguous (glob import vs any other name from outer scope during import/macro resolution)
[INFO] [stdout]    --> src/currency/rate_cache.rs:244:13
[INFO] [stdout]     |
[INFO] [stdout] 244 |             assert_matches!(
[INFO] [stdout]     |             ^^^^^^^^^^^^^^ ambiguous name
[INFO] [stdout]     |
[INFO] [stdout]     = note: `assert_matches` could refer to a macro from prelude
[INFO] [stdout] note: `assert_matches` could also refer to the macro imported here
[INFO] [stdout]    --> src/currency/rate_cache.rs:202:9
[INFO] [stdout]     |
[INFO] [stdout] 202 |     use super::*;
[INFO] [stdout]     |         ^^^^^^^^
[INFO] [stdout]     = help: consider adding an explicit import of `assert_matches` to disambiguate
[INFO] [stdout]     = help: or use `self::assert_matches` to refer to this macro unambiguously
[INFO] [stdout] 
[INFO] [stdout] 
[INFO] [stdout] error[E0659]: `assert_matches` is ambiguous (glob import vs any other name from outer scope during import/macro resolution)
[INFO] [stdout]    --> src/currency/rate_cache.rs:258:25
[INFO] [stdout]     |
[INFO] [stdout] 258 |                         assert_matches!(
[INFO] [stdout]     |                         ^^^^^^^^^^^^^^ ambiguous name
[INFO] [stdout]     |
[INFO] [stdout]     = note: `assert_matches` could refer to a macro from prelude
[INFO] [stdout] note: `assert_matches` could also refer to the macro imported here
[INFO] [stdout]    --> src/currency/rate_cache.rs:202:9
[INFO] [stdout]     |
[INFO] [stdout] 202 |     use super::*;
[INFO] [stdout]     |         ^^^^^^^^
[INFO] [stdout]     = help: consider adding an explicit import of `assert_matches` to disambiguate
[INFO] [stdout]     = help: or use `self::assert_matches` to refer to this macro unambiguously
[INFO] [stdout] 
[INFO] [stdout] 
[INFO] [stdout] error[E0659]: `assert_matches` is ambiguous (glob import vs any other name from outer scope during import/macro resolution)
[INFO] [stdout]    --> src/currency/rate_cache.rs:269:21
[INFO] [stdout]     |
[INFO] [stdout] 269 |                     assert_matches!(result, CurrencyRateCacheResult::Missing(from, to)
[INFO] [stdout]     |                     ^^^^^^^^^^^^^^ ambiguous name
[INFO] [stdout]     |
[INFO] [stdout]     = note: `assert_matches` could refer to a macro from prelude
[INFO] [stdout] note: `assert_matches` could also refer to the macro imported here
[INFO] [stdout]    --> src/currency/rate_cache.rs:202:9
[INFO] [stdout]     |
[INFO] [stdout] 202 |     use super::*;
[INFO] [stdout]     |         ^^^^^^^^
[INFO] [stdout]     = help: consider adding an explicit import of `assert_matches` to disambiguate
[INFO] [stdout]     = help: or use `self::assert_matches` to refer to this macro unambiguously
[INFO] [stdout] 
[INFO] [stdout] 
[INFO] [stdout] error[E0659]: `assert_matches` is ambiguous (glob import vs any other name from outer scope during import/macro resolution)
[INFO] [stdout]    --> src/currency/rate_cache.rs:272:21
[INFO] [stdout]     |
[INFO] [stdout] 272 |                     assert_matches!(result, CurrencyRateCacheResult::Exists(None));
[INFO] [stdout]     |                     ^^^^^^^^^^^^^^ ambiguous name
[INFO] [stdout]     |
[INFO] [stdout]     = note: `assert_matches` could refer to a macro from prelude
[INFO] [stdout] note: `assert_matches` could also refer to the macro imported here
[INFO] [stdout]    --> src/currency/rate_cache.rs:202:9
[INFO] [stdout]     |
[INFO] [stdout] 202 |     use super::*;
[INFO] [stdout]     |         ^^^^^^^^
[INFO] [stdout]     = help: consider adding an explicit import of `assert_matches` to disambiguate
[INFO] [stdout]     = help: or use `self::assert_matches` to refer to this macro unambiguously
[INFO] [stdout] 
[INFO] [stdout] 
[INFO] [stdout] error[E0659]: `assert_matches` is ambiguous (glob import vs any other name from outer scope during import/macro resolution)
[INFO] [stdout]    --> src/currency/rate_cache.rs:276:13
[INFO] [stdout]     |
[INFO] [stdout] 276 |             assert_matches!(
[INFO] [stdout]     |             ^^^^^^^^^^^^^^ ambiguous name
[INFO] [stdout]     |
[INFO] [stdout]     = note: `assert_matches` could refer to a macro from prelude
[INFO] [stdout] note: `assert_matches` could also refer to the macro imported here
[INFO] [stdout]    --> src/currency/rate_cache.rs:202:9
[INFO] [stdout]     |
[INFO] [stdout] 202 |     use super::*;
[INFO] [stdout]     |         ^^^^^^^^
[INFO] [stdout]     = help: consider adding an explicit import of `assert_matches` to disambiguate
[INFO] [stdout]     = help: or use `self::assert_matches` to refer to this macro unambiguously
[INFO] [stdout] 
[INFO] [stdout] 
[INFO] [stdout] error[E0659]: `assert_matches` is ambiguous (glob import vs any other name from outer scope during import/macro resolution)
[INFO] [stdout]    --> src/currency/rate_cache.rs:285:9
[INFO] [stdout]     |
[INFO] [stdout] 285 |         assert_matches!(
[INFO] [stdout]     |         ^^^^^^^^^^^^^^ ambiguous name
[INFO] [stdout]     |
[INFO] [stdout]     = note: `assert_matches` could refer to a macro from prelude
[INFO] [stdout] note: `assert_matches` could also refer to the macro imported here
[INFO] [stdout]    --> src/currency/rate_cache.rs:202:9
[INFO] [stdout]     |
[INFO] [stdout] 202 |     use super::*;
[INFO] [stdout]     |         ^^^^^^^^
[INFO] [stdout]     = help: consider adding an explicit import of `assert_matches` to disambiguate
[INFO] [stdout]     = help: or use `self::assert_matches` to refer to this macro unambiguously
[INFO] [stdout] 
[INFO] [stdout] 
[INFO] [stdout] error[E0659]: `assert_matches` is ambiguous (glob import vs any other name from outer scope during import/macro resolution)
[INFO] [stdout]    --> src/currency/converter.rs:233:13
[INFO] [stdout]     |
[INFO] [stdout] 233 |             assert_matches!(
[INFO] [stdout]     |             ^^^^^^^^^^^^^^ ambiguous name
[INFO] [stdout]     |
[INFO] [stdout]     = note: `assert_matches` could refer to a macro from prelude
[INFO] [stdout] note: `assert_matches` could also refer to the macro imported here
[INFO] [stdout]    --> src/currency/converter.rs:214:9
[INFO] [stdout]     |
[INFO] [stdout] 214 |     use super::*;
[INFO] [stdout]     |         ^^^^^^^^
[INFO] [stdout]     = help: consider adding an explicit import of `assert_matches` to disambiguate
[INFO] [stdout]     = help: or use `self::assert_matches` to refer to this macro unambiguously
[INFO] [stdout] 
[INFO] [stdout] 
[INFO] [stdout] error[E0659]: `assert_matches` is ambiguous (glob import vs any other name from outer scope during import/macro resolution)
[INFO] [stdout]    --> src/currency/converter.rs:257:13
[INFO] [stdout]     |
[INFO] [stdout] 257 |             assert_matches!(
[INFO] [stdout]     |             ^^^^^^^^^^^^^^ ambiguous name
[INFO] [stdout]     |
[INFO] [stdout]     = note: `assert_matches` could refer to a macro from prelude
[INFO] [stdout] note: `assert_matches` could also refer to the macro imported here
[INFO] [stdout]    --> src/currency/converter.rs:214:9
[INFO] [stdout]     |
[INFO] [stdout] 214 |     use super::*;
[INFO] [stdout]     |         ^^^^^^^^
[INFO] [stdout]     = help: consider adding an explicit import of `assert_matches` to disambiguate
[INFO] [stdout]     = help: or use `self::assert_matches` to refer to this macro unambiguously
[INFO] [stdout] 
[INFO] [stdout] 
[INFO] [stdout] error: aborting due to 16 previous errors
[INFO] [stdout] 
[INFO] [stdout] 
[INFO] [stdout] For more information about this error, try `rustc --explain E0659`.
[INFO] [stdout] 
[INFO] [stderr] error: could not compile `investments`
[INFO] [stderr] 
[INFO] [stderr] To learn more, run the command again with --verbose.
[INFO] running `Command { std: "docker" "inspect" "8c608d73052444c11764fdb40ba7453d8df178e15fd40b42528d9e435a98251b", kill_on_drop: false }`
[INFO] running `Command { std: "docker" "rm" "-f" "8c608d73052444c11764fdb40ba7453d8df178e15fd40b42528d9e435a98251b", kill_on_drop: false }`
[INFO] [stdout] 8c608d73052444c11764fdb40ba7453d8df178e15fd40b42528d9e435a98251b
